0 = -4*l + 3*l + 7. What is the units digit of w(l)?
8
Let a(q) = q**2 - 4*q + 12. What is the tens digit of a(4)?
1
Suppose 5*h = -4*s + 918, -s = -5*h - 4*s + 921. What is the tens digit of (h/9)/((-2)/(-3))?
3
Let m(j) = 2*j - 2. Let n be m(2). Let d(z) = 2*z - n*z - 2*z - 2 + 3. What is the units digit of d(-4)?
9
What is the units digit of (8 - (1 - -1))/2?
3
Let g(f) = 8 - 8 - f**2 + 7*f. What is the units digit of g(5)?
0
Let g = 63 - 39. What is the units digit of g?
4
Let d = -16 - -48. Let l(x) = -x**2 - 6*x - 2. Let a be l(-5). Suppose v + a*v = d. What is the units digit of v?
8
Suppose -5*q - 4*v + 780 = -164, 0 = -3*q - v + 565. What is the units digit of q?
8
Let v(r) = r**3 + 4*r**2 + 2*r + 1. Let s be v(-3). Suppose 3*p = s + 32. What is the units digit of p?
2
Let v(o) = -o**2 + 7*o + 11. Let m be 4/((10/(-4))/(-5)). What is the units digit of v(m)?
3
Suppose 0 = 3*n - 3*o - 6, -n - 5*o + 2 + 0 = 0. Suppose -q - t = n*t - 15, 4*q = t + 47. What is the units digit of q?
2
Suppose t - 3*r = -2*r, -24 = 3*t + 5*r. Let k = 3 - t. Suppose 4*p = k*p - 2. What is the units digit of p?
1
Suppose -3*j - 68 = -5*j. Let w = j - 17. What is the tens digit of w?
1
Suppose 0 = -11*b + 397 - 34. What is the units digit of b?
3
Suppose 3*b = -2*p + 16, 4*b + 3*p + 13 = 33. Let h = 13 - b. Let z = h - 3. What is the units digit of z?
2
Let l(p) = p - 1. Let h(j) = 1. Let n(g) = 3*h(g) + l(g). Let v be n(2). Suppose v*c - 16 = 16. What is the units digit of c?
8
Suppose 385 = 5*d + y - 190, 5*d = 5*y + 605. What is the units digit of d?
6
Let d(c) be the first derivative of -3*c**2 - 6*c - 3. What is the tens digit of d(-5)?
2
Let m(l) = -l**3 + 7*l**2 - 6*l + 2. Let w be m(6). Suppose -3*p + w = -2*a - 2*p, 3*a + 5*p = -16. What is the units digit of (a - 1)/(7/(-21))?
9
Let y be (-2)/(-9) + 547/9. Let l = -14 + y. What is the tens digit of l?
4
Let b be (-3)/(-9) + (-2)/6. Suppose b*w - 2*w = -26. What is the tens digit of w?
1
Let p be (-1 - 3 - -3)*42. Let i = p + 61. What is the tens digit of i?
1
Let n(s) = -5*s**3 + 41*s**2 - 26*s - 9. Let o(g) = g**3 - 8*g**2 + 5*g + 2. Let p(h) = -2*n(h) - 11*o(h). What is the tens digit of p(4)?
1
What is the units digit of (-80)/(-50)*25/1?
0
Let z(f) = -18*f + 7. Let w(t) = -9*t + 4. Let c(d) = 7*w(d) - 4*z(d). Suppose -3*y = -5*v + 7, 4*y = -y - 2*v + 9. What is the units digit of c(y)?
9
Suppose -41 - 75 = -i. What is the units digit of i?
6
What is the units digit of 2 + 5930/55 + (-4)/(-22)?
0
Let q(l) = l**2 - 3*l - 8. Let d be q(6). Let p = d - 0. What is the units digit of p?
0
Let q = 16 + -8. Suppose 2*t + 0 + q = 0. Let o = 9 + t. What is the units digit of o?
5
Let d(j) = -4*j - 2. Suppose -m = -u - 2, 2*m + 4*u + 18 = m. What is the units digit of d(m)?
6
Suppose -p + 5*p + 4*h = -8, 0 = -5*p + 4*h + 26. Suppose -5*o = -5, p*y + y + 5*o = 149. Suppose 5*r = y + 2. What is the tens digit of r?
1
Suppose 12 = -8*v + 10*v. Suppose 2*u + 196 = v*u. What is the units digit of u?
9
Suppose -3*f = -2*y + 17, 8 = 5*f - 7. Suppose n + y = -3*r, 2*n + 5*r = -n - 19. Suppose n*p - 8 + 30 = 2*g, 0 = -4*g + 5*p + 45. What is the tens digit of g?
1
Suppose 141 = 2*o - 5*w, -2*o - 2*w - 228 = -5*o. Suppose -5*y - o + 303 = 0. What is the tens digit of y?
4
Suppose -8 = 3*j - 5*j. Let n(g) = g**3 + 0*g**2 - 4*g**2 + 0*g**3 + 1. What is the units digit of n(j)?
1
Let l(k) = k**2 - k. Let g(u) = -3*u**2 + 9*u + 5. Let w(s) = g(s) + 4*l(s). Let b be w(-5). What is the units digit of (-8)/20 - (-42)/b?
8
Suppose -d + 350 = 4*d. What is the tens digit of d/(-4)*(-18)/15?
2
Suppose -26 = -2*w + 4*z, -5*w - z + 37 = 3*z. Let j = 2 + w. What is the tens digit of j?
1
Suppose 53 = 5*c + 23. Suppose 4*y - 22 = -c. Suppose -1 = y*x - 5. What is the units digit of x?
1
Let y = -22 - -97. What is the units digit of y?
5
What is the tens digit of 27*2*20/12?
9
Let a be (-4)/(-3)*(4 - 1). Suppose 2*p - 2 = -m, m - p + a = 3*p. Let b = 12 - m. What is the tens digit of b?
1
Let q(d) = 3*d - 9. Let s be q(8). Let g = s - 5. What is the tens digit of g?
1
Let s(m) be the second derivative of m**4/6 + m**3/6 + m**2 - 5*m. What is the units digit of s(-2)?
8
Suppose -2*o = 2*c - 44, -3*o - 2*o - 52 = -c. What is the units digit of c?
7
Let w = 154 - -49. What is the tens digit of w?
0
What is the units digit of 5*8/((-30)/(-39) - 0)?
2
What is the tens digit of -10*(27/2)/(-9)?
1
Suppose -3*i = -6*i - 5*h + 206, 0 = -4*i + 4*h + 264. What is the tens digit of i?
6
Let c(d) = d**3 - 15*d**2 + 13*d + 15. Let m be c(14). Let r(o) = -o**2 - 6*o - 6. Let a be r(-4). What is the units digit of m + a + (0 - 1)?
2
Suppose 0 = 4*i + 74 - 338. What is the units digit of i?
6
Let l(y) = y**2 + 7*y - 6. Let d be l(-9). Suppose -2*r = -r + d. What is the units digit of ((-8)/r)/(2/3)?
1
Let r(v) be the third derivative of v**8/20160 - v**7/5040 - v**5/30 - v**2. Let b(p) be the third derivative of r(p). What is the units digit of b(3)?
6
Let y(v) = -v**2 - 22*v - 22. What is the tens digit of y(-18)?
5
Let p(s) = -5*s - 2*s - s**2 - 3 - 4*s**2 + 4*s**2. What is the units digit of p(-6)?
3
Suppose -g + 13 = -4*w + 2*w, -3*w = 6. What is the units digit of g?
9
Let y = 97 - -68. What is the units digit of y?
5
Let o(g) be the third derivative of g**6/60 - g**5/60 - g**4/12 - 4*g**2. Let l = -1 - -3. What is the units digit of o(l)?
8
What is the units digit of (-2)/6 + (-471)/(-9)?
2
Suppose -2*q - 2*q = -124. What is the units digit of q?
1
Let d = -8 + 2. Let v be (-2 + -1)*8/d. Suppose v*j - 1 = 7, -28 = -5*k - 4*j. What is the units digit of k?
4
Suppose 3*q + 7 = 4*b + 2, b - 2*q - 5 = 0. Let i = b - -13. What is the tens digit of i?
1
Suppose 0 = 14*g - 8*g - 474. What is the tens digit of g?
7
Suppose -5 = -5*a - 2*y, -2*y + y + 10 = 5*a. Suppose -4*n = q - 13 - 1, 0 = a*q + n - 9. Suppose q*p = 40 - 4. What is the tens digit of p?
1
Let d be 4/(-14) - 30/(-7). Suppose 0 = 2*g + g + 6, -d*q - 4*g = -32. Suppose 4*s - 5*s = -q. What is the tens digit of s?
1
Let x(n) = -5*n + 5. What is the tens digit of x(-9)?
5
Let o(t) = t**2 - 8*t + 21. What is the tens digit of o(9)?
3
Let r be 2 + 0 + 18/3. Suppose 2 = -2*z + r. What is the units digit of z?
3
Suppose -4*t + 2*u = -994, -4*t + 5*t = -u + 244. What is the hundreds digit of t?
2
Let g = 31 - -20. What is the units digit of g?
1
Let x(z) be the third derivative of z**6/120 - z**5/15 + z**3/6 + 4*z**2. What is the tens digit of x(5)?
2
Let d = 267 + -153. What is the tens digit of d?
1
Let k(n) = -n**3 - 11*n**2 + n + 11. What is the hundreds digit of k(-12)?
1
Let s be (-12)/20 - (-336)/(-15). Let u = 50 + s. What is the tens digit of u?
2
Suppose 2*l - 6*l + 64 = 0. Let k = l - 28. What is the units digit of (-45)/k - 2/(-8)?
4
Let n = -4 - -12. Let j = n - 6. Let i = j - 0. What is the units digit of i?
2
Suppose 3 + 1 = -4*o. What is the units digit of 0 + 3 + 1 + o?
3
Let w = -6 + 10. Suppose 0 = -w*i + 50 + 154. Suppose -i = -4*d + d. What is the tens digit of d?
1
What is the units digit of (2 + -3)*(2 - 10)?
8
Let h(s) = -s**3 - 7*s**2 + 5*s - 10. Let u be (-4)/(3 + 10/(-4)). What is the units digit of h(u)?
4
Let z(b) be the first derivative of b**4/4 + 4*b**3/3 - 3*b**2/2 - 4*b - 4. What is the tens digit of z(-3)?
1
Let k(z) = -2*z + 1. Suppose -b = 3*b + 20. What is the units digit of k(b)?
1
Let l(u) = 1 - 3 + 3 - 9*u**3. What is the tens digit of l(-1)?
1
Suppose -w + 2*s + 81 = 0, 2*w - s - 147 = -2*s. What is the tens digit of w?
7
Let d = 79 - -217. What is the tens digit of d?
9
Let a be (5 + -2)/(-3) - -1. Let y = a + 7. Let k(x) = x - 3. What is the units digit of k(y)?
4
What is the units digit of 20 - (4 - (11 + -5))?
2
Let o be (-580)/35 - 9/21. Let y = -2 - o. What is the tens digit of y?
1
Let s = 13 - -14. What is the tens digit of 1/(-2) - s/(-2)?
1
Let c be 26*(-76)/(-8) - -3. Suppose -255 = -5*w - 2*q, -4*w - w - q = -c. What is the tens digit of w?
4
Let r = 3 - -2. Suppose 4*x + 5*o = 60, -3*x - r*o - 29 + 74 = 0. What is the units digit of x?
5
Let u = 90 - 58. What is the units digit of u?
2
Let b = -9 + 2. Let l(k) be the first derivative of -k**4/4 - 7*k**3/3 - 3*k**2/2 - 3*k + 18. What is the units digit of l(b)?
8
Let h(t) = 7*t**2 - 2*t